c**2 + c - 4. Let u be l(0). List the prime factors of -32*(29/u + -4).
2, 3, 5
Let f(g) be the first derivative of g**4/4 - 13*g**3/3 - 29*g**2/2 - 2*g + 1. Suppose -184*h + 113*h + 1499 - 434 = 0. List the prime factors of f(h).
13
Let j = -44 + 46. Let m be j*(0/2 + 1). Suppose 97 = m*y - 81. What are the prime factors of y?
89
Suppose 5*o + 9*n = 12*n + 749, 4*o - 4*n = 596. List the prime factors of (o/2 + -3)*2.
5, 29
Let h(m) = 14*m**3 - 4*m**2 - 4*m + 17. Let o(y) = y**3 - y**2 + y + 1. Let l(x) = h(x) - 5*o(x). What are the prime factors of l(3)?
3, 79
Suppose 0 = -3*d + 27, -3*i + 55792 + 148796 = 2*d. List the prime factors of i.
2, 3, 5, 2273
Let b(a) = 2*a**2 - a + 1. Let u(z) = -2*z + 2. Let i be u(-7). Suppose 6*k = -2 - i. What are the prime factors of b(k)?
2, 11
Let p(b) = 231*b + 33. Let i be p(-9). Let m = i + 3618. What are the prime factors of m?
2, 3, 131
Let d(u) = 5*u - 81. Let f be d(13). What are the prime factors of (-4764)/10*((-351)/(-26) + f)?
3, 397
Let t be -2*(10/5 - 4). Suppose -r - t*w = -1 - 2, w = 0. What are the prime factors of (-438)/(-9) + r/9?
7
Let k be (66/12)/(1/242). Suppose 0 = -7*t + 167 + k. What are the prime factors of t?
2, 107
Let x = -168 - -234. Let r = x - 37. List the prime factors of r.
29
Let q(p) = 178*p - 83. List the prime factors of q(14).
3, 11, 73
Let i = 287 + -295. Let z(l) = 6*l**3 + 8*l**2 - 9*l + 20. Let w(o) = o**3 - o + 1. Let g(s) = -5*w(s) + z(s). What are the prime factors of g(i)?
47
Let o(h) be the first derivative of -h**4/4 - 7*h**3/3 - 11*h**2/2 - h + 38. List the prime factors of o(-5).
2
Let z(m) = 9325*m + 3358. What are the prime factors of z(4)?
2, 29, 701
Suppose 2*x - 62 = 3*u, -4*x - 6*u = -u - 102. Let s = x + 1. Let r = s + 3. What are the prime factors of r?
2
Let j(n) = -4749*n - 2987. List the prime factors of j(-8).
5, 7001
Let j(k) = -6*k**3 + 12*k**2 - 6*k - 31. Suppose 2*f = -16*f - 90. List the prime factors of j(f).
1049
Suppose 25687 + 26601 = 2*l. What are the prime factors of (6/(-4))/((-57)/l)?
2, 43
Let w = 45 - 5. Suppose a + 25 = -2*l, 5*l - a + w = -40. Let m(n) = 2*n**2 + 28*n - 8. What are the prime factors of m(l)?
2, 11
Let l = 38884 + -2542. List the prime factors of l.
2, 3, 673
Let t(c) = c**2 + 5*c - 14. Let v be t(-8). Let z be 13/78 - v/(-12). Suppose h = z, h + 56 + 39 = 4*u. What are the prime factors of u?
2, 3
What are the prime factors of 969 - (4/(-10) + 2590/350)?
2, 13, 37
Suppose -3*l + 2*h + 2849 = -4318, 4*h = -2*l + 4794. List the prime factors of l.
3, 797
Let w(q) = 78*q**2 + 14*q + 28. Let c(f) = 15*f + 11. Let k be c(-1). What are the prime factors of w(k)?
2, 5, 61
Let r(m) = -252 + 11*m + 227 + 16*m + m**2. What are the prime factors of r(-34)?
3, 71
Suppose -9*f + 10*f - 6*j = 21567, 5*f + 5*j = 107660. List the prime factors of f.
3, 2393
Suppose -9 = -6*n + 3. Let h(o) = -6*o**2 + o - 1. Let f be h(n). Let m = f - -159. What are the prime factors of m?
2, 17
Let y(f) be the second derivative of f**5/20 + 7*f**4/12 + f**3/3 + 7*f**2/2 + 115*f. Suppose 3*i + 1 = -17. What are the prime factors of y(i)?
31
Let a(r) = r**3 + 18*r**2 - 62*r + 47. Let x be a(-21). Suppose -2*u - 3*o + x = o, u = -5*o + 1. List the prime factors of u.
3, 7
Let y(k) = 366*k**3 - 2*k**2 + k. Let t(n) = n**3 + 16*n**2 + 15*n + 1. Let b be t(-15). What are the prime factors of y(b)?
5, 73
Suppose 14*g + 207 + 1347 = 0. Let o = 44 - g. What are the prime factors of o?
5, 31
Let s = -2672 + 4414. List the prime factors of s.
2, 13, 67
Suppose -8*s = -3*s + 20, p - 8 = s. What are the prime factors of (4/(-6))/(p/(-5154))?
859
Suppose 3267 = 12*m + 15*m. Suppose -m + 833 = 4*t. List the prime factors of t.
2, 89
Let f = 22433 - -2794. What are the prime factors of f?
3, 2803
Suppose 0 = -423*t + 431*t - 52223 - 32377. List the prime factors of t.
3, 5, 47
Let v be 30/24 + (-10)/8. Suppose v = 18*o - 10*o - 1040. What are the prime factors of o?
2, 5, 13
Let r = -328 + 27. Let u = r + 580. What are the prime factors of u?
3, 31
Let d = 156 - 156. Let s(m) = 33*m + 333. What are the prime factors of s(d)?
3, 37
Let w = -3886 + 1856. Let r = w - -3530. What are the prime factors of r?
2, 3, 5
Suppose 5 = z, x + 6 = 2*z + 36. Let b = 91 - x. Let m = 95 - b. List the prime factors of m.
2, 11
Suppose 448*q - 442*q - 18 = 0. Suppose q*r = -s + 1403 + 1879, s = -5*r + 5468. List the prime factors of r.
1093
List the prime factors of ((25/(-5))/(-20))/(57/11855316).
11, 29, 163
Let j be 429*4/12 - 3. Let s = 176 + j. What are the prime factors of s?
2, 79
Suppose -5*m + 35 = 0, -2*m - 70233 = 4*i - 293799. List the prime factors of i.
2, 7, 499
Let o(u) = 36*u**2 - 56*u + 33. List the prime factors of o(5).
653
Let d(x) = -3*x**2 - 596*x - 610. What are the prime factors of d(-86)?
2, 3, 17, 31
Let n be (-15)/(-30) + (158/(-4))/(-1). Suppose -37728 - 22472 = -n*r. List the prime factors of r.
5, 7, 43
Suppose -a + 3*q + 803 = 0, 3*a = q + 1669 + 764. Suppose -a*g = -806*g - 4200. What are the prime factors of g?
2, 5, 7
Let w = 36763 - 26252. Suppose -20*l = -w - 3489. List the prime factors of l.
2, 5, 7
Let b be 198/(-165) + 37032/10. Suppose 5*o - b + 1285 = -4*l, 4*l - o - 2387 = 0. List the prime factors of l.
2, 13, 23
Let x = -18 - -27. Suppose 0 = -x*l + 8841 - 777. What are the prime factors of l?
2, 7
Suppose 115782 = 4*l - 5*x, -106*l + 104*l = -x - 57894. What are the prime factors of l?
2, 7237
Let u(d) = -d**3 - 7*d**2 - 28*d + 13. Suppose -23 = 7*y + 26. List the prime factors of u(y).
11, 19
Suppose -2*q - 20 = -7*q. Suppose -2*j = 3*j + 4*b + 64, 0 = q*j + 2*b + 50. List the prime factors of (189/j)/((-1)/4).
3, 7
Let m(j) = -j**3 + 25*j**2 + 17*j - 101. List the prime factors of m(-11).
2, 3, 113
Let l(p) be the third derivative of p**5/60 + p**4/2 - 77*p**3/6 - 30*p**2. What are the prime factors of l(-21)?
2, 7
Suppose -79*c - 55872 = 74*c - 593361. What are the prime factors of c?
3, 1171
Let t(v) = -699*v**2 + 18*v + v**3 + 372*v**2 + 63 + 363*v**2. What are the prime factors of t(-35)?
2, 7, 47
What are the prime factors of (1 + -1)/2 - (43 + -43 + -20463)?
3, 19, 359
Let g = 267 - 167. List the prime factors of g*3*6/9 - 0.
2, 5
Let p(r) = r**2 - 34*r + 30. Let x be p(33). Let g(h) = 58*h**2 - 24*h + 3. What are the prime factors of g(x)?
3, 199
Let x(r) = -r**3 + 619. Let o = 90 - 90. What are the prime factors of x(o)?
619
Suppose -16*w + 527171 + 244109 = 0. List the prime factors of w.
5, 31, 311
Suppose -5*f = 3*q + 2, -3*q + 0*q = -f + 14. Suppose 0 = -4*p + f*z + 1081 + 737, -5*z - 1815 = -4*p. What are the prime factors of p?
5, 7, 13
Suppose 363 = -3*k - 0*k. Suppose -9*l - 1470 - 312 = 0. Let f = k - l. List the prime factors of f.
7, 11
Let x(h) = 17*h**2 + 81*h + 399. List the prime factors of x(-5).
419
Let m(q) = 126*q**2 + 4*q + 1. Let k be m(-3). Let w = 2174 - k. What are the prime factors of w?
1051
Suppose 2*p = 5*i + 49146, 5*i = 13 - 3. List the prime factors of p.
2, 12289
Suppose 0 = 2*v - 5*p - 0 - 7, 0 = -4*p - 12. List the prime factors of (-14)/(-56) + 2870/8 + v.
5, 71
Suppose 6 = 3*o, 2*m - 467 = 5*m + 2*o. Let u = m - -199. What are the prime factors of u?
2, 3, 7
Let s be 1/5 - 912/10. Let g = 12 - s. List the prime factors of g.
103
What are the prime factors of (-10)/5*(-7888)/64*(2 + 12)?
7, 17, 29
List the prime factors of (77 - 0)*(27972/294 + -20).
2, 11, 263
Let v(x) = x**3 - 4*x**2 - 5*x + 17. Let p = 462 - 456. List the prime factors of v(p).
59
Let u = 7908 + -4695. What are the prime factors of u?
3, 7, 17
What are the prime factors of 8/(-14) + 2389056/1344?
1777
Suppose -323*b - 92521 = -336*b. What are the prime factors of b?
11, 647
Suppose 31*f - 40480 = 8*f. Let r = f + -937. List the prime factors of r.
823
What are the prime factors of ((-104660)/(-8))/((-8)/(-16)) - (-2 - 1)?
2, 3271
Let u(n) = 20*n - 10. Let c(y) = 39*y - 9. Let x(z) = -4*c(z) + 7*u(z). Suppose 0 - 12 = 2*q. List the prime factors of x(q).
2, 31
Let k = 20847 - -7406. What are the prime factors of k?
19, 1487
What are the prime factors of (-6)/(-36) + (-3 - 2815319/(-78))?
11, 17, 193
Let x(j) = j**2 + 30*j + 4. Let k be x(-12). Let y = k + 92. List the prime factors of 2/(-12) + (-1580)/y.
13
Suppo